9
What is the remainder when 350 is divided by 185?
165
Calculate the remainder when 441 is divided by 393.
48
What is the remainder when 631 is divided by 23?
10
Calculate the remainder when 507 is divided by 47.
37
Calculate the remainder when 538 is divided by 45.
43
Calculate the remainder when 1383 is divided by 234.
213
What is the remainder when 5800 is divided by 7?
4
What is the remainder when 41 is divided by 37?
4
What is the remainder when 48 is divided by 2?
0
What is the remainder when 74 is divided by 9?
2
Calculate the remainder when 87 is divided by 31.
25
Calculate the remainder when 92 is divided by 51.
41
Calculate the remainder when 241 is divided by 95.
51
Calculate the remainder when 1052 is divided by 335.
47
What is the remainder when 451 is divided by 136?
43
What is the remainder when 79 is divided by 17?
11
Calculate the remainder when 55 is divided by 1.
0
What is the remainder when 1411 is divided by 207?
169
What is the remainder when 361 is divided by 72?
1
Calculate the remainder when 782 is divided by 87.
86
What is the remainder when 677 is divided by 171?
164
Calculate the remainder when 53 is divided by 7.
4
What is the remainder when 59 is divided by 13?
7
What is the remainder when 879 is divided by 55?
54
What is the remainder when 479 is divided by 51?
20
What is the remainder when 3511 is divided by 221?
196
Calculate the remainder when 335 is divided by 71.
51
Calculate the remainder when 57 is divided by 23.
11
What is the remainder when 989 is divided by 9?
8
Calculate the remainder when 186 is divided by 38.
34
Calculate the remainder when 5513 is divided by 162.
5
What is the remainder when 112 is divided by 26?
8
Calculate the remainder when 173 is divided by 35.
33
Calculate the remainder when 140 is divided by 64.
12
What is the remainder when 154 is divided by 31?
30
What is the remainder when 5301 is divided by 312?
309
Calculate the remainder when 796 is divided by 3.
1
What is the remainder when 3122 is divided by 222?
14
What is the remainder when 3070 is divided by 3?
1
Calculate the remainder when 19 is divided by 18.
1
What is the remainder when 59 is divided by 33?
26
Calculate the remainder when 143 is divided by 11.
0
Calculate the remainder when 1631 is divided by 34.
33
What is the remainder when 164 is divided by 33?
32
What is the remainder when 145 is divided by 106?
39
What is the remainder when 765 is divided by 154?
149
Calculate the remainder when 179 is divided by 85.
9
What is the remainder when 398 is divided by 187?
24
Calculate the remainder when 8975 is divided by 34.
33
Calculate the remainder when 3758 is divided by 1248.
14
What is the remainder when 31 is divided by 8?
7
What is the remainder when 460 is divided by 38?
4
Calculate the remainder when 1059 is divided by 14.
9
Calculate the remainder when 702 is divided by 171.
18
What is the remainder when 18 is divided by 5?
3
Calculate the remainder when 654 is divided by 55.
49
What is the remainder when 155 is divided by 14?
1
Calculate the remainder when 856 is divided by 127.
94
Calculate the remainder when 239 is divided by 146.
93
Calculate the remainder when 2082 is divided by 349.
337
Calculate the remainder when 300 is divided by 152.
148
What is the remainder when 341 is divided by 107?
20
Calculate the remainder when 188 is divided by 62.
2
Calculate the remainder when 10649 is divided by 25.
24
Calculate the remainder when 663 is divided by 133.
131
Calculate the remainder when 216 is divided by 89.
38
Calculate the remainder when 388 is divided by 100.
88
What is the remainder when 364 is divided by 7?
0
Calculate the remainder when 6067 is divided by 49.
40
Calculate the remainder when 17522 is divided by 33.
32
What is the remainder when 1042 is divided by 18?
16
Calculate the remainder when 6297 is divided by 100.
97
Calculate the remainder when 205 is divided by 47.
17
Calculate the remainder when 314 is divided by 53.
49
Calculate the remainder when 24 is divided by 1.
0
What is the remainder when 2607 is divided by 327?
318
What is the remainder when 341 is divided by 86?
83
What is the remainder when 3293 is divided by 9?
8
What is the remainder when 9489 is divided by 4739?
11
Calculate the remainder when 2547 is divided by 170.
167
Calculate the remainder when 15937 is divided by 25.
12
What is the remainder when 99 is divided by 47?
5
What is the remainder when 5684 is divided by 316?
312
What is the remainder when 29 is divided by 24?
5
Calculate the remainder when 1135 is divided by 163.
157
Calculate the remainder when 10725 is divided by 17.
15
What is the remainder when 719 is divided by 147?
131
What is the remainder when 1479 is divided by 40?
39
Calculate the remainder when 1827 is divided by 68.
59
Calculate the remainder when 141 is divided by 6.
3
What is the remainder when 4283 is divided by 87?
20
What is the remainder when 535 is divided by 499?
36
Calculate the remainder when 19 is divided by 17.
2
What is the remainder when 32 is divided by 23?
9
Calculate the remainder when 137 is divided by 67.
3
Calculate the remainder when 109 is divided by 46.
17
What is the remainder when 33 is divided by 17?
16
What is the remainder when 370 is divided by 52?
6
What is the remainder when 1480 is divided by 71?
60
What is the remainder when 8997 is divided by 200?
197
Calculate the remainder when 44 is divided by 17.
10
What is the remainder when 339 is divided by 91?
66
Calculate the remainder when 313 is divided by 20.
13
Calculate the remainder when 102 is divided by 5.
2
Calculate the remainder when 71 is divided by 8.
7
Calculate the remainder when 116 is divided by 46.
24
Calculate the remainder when 839 is divided by 29.
27
What is the remainder when 69 is divided by 27?
15
What is the remainder when 7259 is divided by 18?
5
What is the remainder when 47 is divided by 12?
11
Calculate the remainder when 142 is divided by 126.
16
What is the remainder when 69 is divided by 38?
31
What is the remainder when 28370 is divided by 7?
6
What is the remainder when 248 is divided by 89?
70
Calculate the remainder when 3308 is divided by 1652.
4
What is the remainder when 6667 is divided by 57?
55
What is the remainder when 18103 is divided by 85?
83
Calculate the remainder when 359 is divided by 138.
83
Calculate the remainder when 81 is divided by 63.
18
Calculate the remainder when 302 is divided by 4.
2
What is the remainder when 62 is divided by 12?
2
What is the remainder when 844 is divided by 141?
139
Calculate the remainder when 129 is divided by 34.
27
What is the remainder when 2046 is divided by 41?
37
Calculate the remainder when 899 is divided by 101.
91
What is the remainder when 5288 is divided by 21?
17
What is the remainder when 213 is divided by 49?
17
Calculate the remainder when 459 is divided by 78.
69
What is the remainder when 365 is divided by 77?
57
What is the remainder when 267 is divided by 124?
19
Calculate the remainder when 285 is divided by 88.
21
Calculate the remainder when 215 is divided by 193.
22
Calculate the remainder when 881 is divided by 230.
191
Calculate the remainder when 4671 is divided by 6.
3
What is the remainder when 429 is divided by 93?
57
Calculate the remainder when 13793 is divided by 114.
113
Calculate the remainder when 177 is divided by 94.
83
What is the remainder when 683 is divided by 14?
11
Calculate the remainder when 59 is divided by 17.
8
Calculate the remainder when 4825 is divided by 254.
253
What is the remainder when 166 is divided by 28?
26
Calculate the remainder when 129 is divided by 128.
1
Calculate the remainder when 208 is divided by 55.
43
What is the remainder when 268 is divided by 168?
100
Calculate the remainder when 278 is divided by 86.
20
Calculate the remainder when 329 is divided by 111.
107
Calculate the remainder when 222 is divided by 50.
22
What is the remainder when 79 is divided by 28?
23
What is the remainder when 4767 is divided by 10?
7
Calculate the remainder when 389 is divided by 26.
25
Calculate the remainder when 201 is divided by 7.
5
Calculate the remainder when 192 is divided by 67.
58
What is the remainder when 12 is divided by 7?
5
What is the remainder when 1306 is divided by 77?
